{"id":28,"date":"2025-10-31T20:20:24","date_gmt":"2025-10-31T19:20:24","guid":{"rendered":"http:\/\/ferienhaus-zwutschgerl.at\/?page_id=28"},"modified":"2026-01-06T18:26:46","modified_gmt":"2026-01-06T17:26:46","slug":"konzept","status":"publish","type":"page","link":"https:\/\/ferienhaus-zwutschgerl.at\/?page_id=28","title":{"rendered":"Lage"},"content":{"rendered":"\t\t<div data-elementor-type=\"wp-page\" data-elementor-id=\"28\" class=\"elementor elementor-28\" data-elementor-post-type=\"page\">\n\t\t\t\t<div class=\"elementor-element elementor-element-754f7d2 e-flex e-con-boxed e-con e-parent\" data-id=\"754f7d2\" data-element_type=\"container\">\n\t\t\t\t\t<div class=\"e-con-inner\">\n\t\t\t\t\t\t\t<h2 class=\"e-heading-base\"  >\n\t\t\tDie Lage\n\t\t<\/h2>\n\t\t\t\t\t<\/div>\n\t\t\t\t<\/div>\n\t\t<div class=\"elementor-element elementor-element-95dff9a e-flex e-con-boxed e-con e-parent\" data-id=\"95dff9a\" data-element_type=\"container\">\n\t\t\t\t\t<div class=\"e-con-inner\">\n\t\t\t\t<div class=\"elementor-element elementor-element-adfb124 elementor-drop-cap-yes elementor-drop-cap-view-default elementor-widget elementor-widget-text-editor\" data-id=\"adfb124\" data-element_type=\"widget\" data-settings=\"{&quot;drop_cap&quot;:&quot;yes&quot;}\" data-widget_type=\"text-editor.default\">\n\t\t\t\t\t\t\t\t\t<p>Das Haus liegt am Rande einer Wohnsiedlung. In unmittelbarer N\u00e4he befindet sich eine Bushaltestelle. Der Bahnhof Altm\u00fcnster ist zu Fu\u00df in 5 Minuten zu erreichen. Bis zur Promenade (auch Badeplatz) und zur Schiffanlegestelle geht man zu Fu\u00df ca. 15-20 Minuten. Im nahen Raiffeisenmarkt k\u00f6nnen Sie Getr\u00e4nke und einige Lebensmittel einkaufen. Die Gesch\u00e4fte Billa und Hofer (Lebensmittel) sowie Bipa (Drogeriebedarf) sind zu Fu\u00df durch das W\u00e4ldchen in etwa 10 Minuten erreichbar. Mit dem Auto ergibt sich ein Fahrweg von 5 Minuten. Ein \u201ewilder\u201c Badeplatz f\u00fcr Ihren Hund ist in einem Spazierweg \u00fcber den H\u00fcgel in ca. 15 Minuten zu erreichen.<\/p><p>Altm\u00fcnster liegt an der breiten Sonnenbucht vom Traunsee, direkt dem Traunstein gegen\u00fcber. Der See ist umgeben von gr\u00fcnen Bergen und im Hintergrund von h\u00f6heren Gebirgen (Traunstein, Totes Gebirge und H\u00f6llengebirge) So sind neben Wanderungen auch Bergtouren m\u00f6glich. Gmunden, der Nachbarort mit Historie, bietet eine Vielzahl kultureller Aktivit\u00e4ten und l\u00e4dt zum Bummeln ein. Der Ort Traunkirchen ist ein idyllisches Kleinod am See und der Ort Ebensee bietet mit dem Feuerkogel ein alpines Erlebnis bieten.<\/p><p>Es gibt einige zauberhafte kleine Bergseen in der Umgebung, zum Beispiel: Laudachsee, Offensee, Langbathseen und Almsee.<\/p><p>Die Kaiserstadt Bad Ischl und das pittoreske Hallstadt sind gut zu erreichen, auch mit dem Zug. In Salzburg ist man in einer Stunde Autofahrt.<\/p>\t\t\t\t\t\t\t\t<\/div>\n\t\t\t\t\t<\/div>\n\t\t\t\t<\/div>\n\t\t<div class=\"elementor-element elementor-element-b5c4a29 e-flex e-con-boxed e-con e-parent\" data-id=\"b5c4a29\" data-element_type=\"container\">\n\t\t\t\t\t<div class=\"e-con-inner\">\n\t\t\t\t<div class=\"elementor-element elementor-element-3d2cd14 elementor-widget elementor-widget-google_maps\" data-id=\"3d2cd14\" data-element_type=\"widget\" data-widget_type=\"google_maps.default\">\n\t\t\t\t\t\t\t<div class=\"elementor-custom-embed\">\n\t\t\t<iframe loading=\"lazy\"\n\t\t\t\t\tsrc=\"https:\/\/maps.google.com\/maps?q=Gro%C3%9Falmstra%C3%9Fe%2027%2C%20Altm%C3%BCnster&#038;t=m&#038;z=9&#038;output=embed&#038;iwloc=near\"\n\t\t\t\t\ttitle=\"Gro\u00dfalmstra\u00dfe 27, Altm\u00fcnster\"\n\t\t\t\t\taria-label=\"Gro\u00dfalmstra\u00dfe 27, Altm\u00fcnster\"\n\t\t\t><\/iframe>\n\t\t<\/div>\n\t\t\t\t\t\t<\/div>\n\t\t\t\t\t<\/div>\n\t\t\t\t<\/div>\n\t\t\t\t<\/div>\n\t\t","protected":false},"excerpt":{"rendered":"<p>Die Lage Das Haus liegt am Rande einer Wohnsiedlung. In unmittelbarer N\u00e4he befindet sich eine Bushaltestelle. Der Bahnhof Altm\u00fcnster ist [&hellip;]<\/p>\n","protected":false},"author":2,"featured_media":0,"parent":0,"menu_order":0,"comment_status":"closed","ping_status":"closed","template":"","meta":{"site-sidebar-layout":"no-sidebar","site-content-layout":"","ast-site-content-layout":"full-width-container","site-content-style":"default","site-sidebar-style":"default","ast-global-header-display":"","ast-banner-title-visibility":"","ast-main-header-display":"","ast-hfb-above-header-display":"","ast-hfb-below-header-display":"","ast-hfb-mobile-header-display":"","site-post-title":"","ast-breadcrumbs-content":"","ast-featured-img":"disabled","footer-sml-layout":"","theme-transparent-header-meta":"","adv-header-id-meta":"","stick-header-meta":"","header-above-stick-meta":"","header-main-stick-meta":"","header-below-stick-meta":"","astra-migrate-meta-layouts":"default","ast-page-background-enabled":"default","ast-page-background-meta":{"desktop":{"background-color":"var(--ast-global-color-5)","background-image":"","background-repeat":"repeat","background-position":"center center","background-size":"auto","background-attachment":"scroll","background-type":"","background-media":"","overlay-type":"","overlay-color":"","overlay-opacity":"","overlay-gradient":""},"tablet":{"background-color":"","background-image":"","background-repeat":"repeat","background-position":"center center","background-size":"auto","background-attachment":"scroll","background-type":"","background-media":"","overlay-type":"","overlay-color":"","overlay-opacity":"","overlay-gradient":""},"mobile":{"background-color":"","background-image":"","background-repeat":"repeat","background-position":"center center","background-size":"auto","background-attachment":"scroll","background-type":"","background-media":"","overlay-type":"","overlay-color":"","overlay-opacity":"","overlay-gradient":""}},"ast-content-background-meta":{"desktop":{"background-color":"var(--ast-global-color-4)","background-image":"","background-repeat":"repeat","background-position":"center center","background-size":"auto","background-attachment":"scroll","background-type":"","background-media":"","overlay-type":"","overlay-color":"","overlay-opacity":"","overlay-gradient":""},"tablet":{"background-color":"var(--ast-global-color-4)","background-image":"","background-repeat":"repeat","background-position":"center center","background-size":"auto","background-attachment":"scroll","background-type":"","background-media":"","overlay-type":"","overlay-color":"","overlay-opacity":"","overlay-gradient":""},"mobile":{"background-color":"var(--ast-global-color-4)","background-image":"","background-repeat":"repeat","background-position":"center center","background-size":"auto","background-attachment":"scroll","background-type":"","background-media":"","overlay-type":"","overlay-color":"","overlay-opacity":"","overlay-gradient":""}},"footnotes":""},"class_list":["post-28","page","type-page","status-publish","hentry"],"_links":{"self":[{"href":"https:\/\/ferienhaus-zwutschgerl.at\/index.php?rest_route=\/wp\/v2\/pages\/28","targetHints":{"allow":["GET"]}}],"collection":[{"href":"https:\/\/ferienhaus-zwutschgerl.at\/index.php?rest_route=\/wp\/v2\/pages"}],"about":[{"href":"https:\/\/ferienhaus-zwutschgerl.at\/index.php?rest_route=\/wp\/v2\/types\/page"}],"author":[{"embeddable":true,"href":"https:\/\/ferienhaus-zwutschgerl.at\/index.php?rest_route=\/wp\/v2\/users\/2"}],"replies":[{"embeddable":true,"href":"https:\/\/ferienhaus-zwutschgerl.at\/index.php?rest_route=%2Fwp%2Fv2%2Fcomments&post=28"}],"version-history":[{"count":23,"href":"https:\/\/ferienhaus-zwutschgerl.at\/index.php?rest_route=\/wp\/v2\/pages\/28\/revisions"}],"predecessor-version":[{"id":777,"href":"https:\/\/ferienhaus-zwutschgerl.at\/index.php?rest_route=\/wp\/v2\/pages\/28\/revisions\/777"}],"wp:attachment":[{"href":"https:\/\/ferienhaus-zwutschgerl.at\/index.php?rest_route=%2Fwp%2Fv2%2Fmedia&parent=28"}],"curies":[{"name":"wp","href":"https:\/\/api.w.org\/{rel}","templated":true}]}}