{"id":539,"date":"2025-12-28T08:50:17","date_gmt":"2025-12-28T07:50:17","guid":{"rendered":"https:\/\/ferienhaus-zwutschgerl.at\/?page_id=539"},"modified":"2026-01-06T18:33:27","modified_gmt":"2026-01-06T17:33:27","slug":"gloeckeln","status":"publish","type":"page","link":"https:\/\/ferienhaus-zwutschgerl.at\/?page_id=539","title":{"rendered":"Gl\u00f6ckeln"},"content":{"rendered":"\t\t<div data-elementor-type=\"wp-page\" data-elementor-id=\"539\" class=\"elementor elementor-539\" data-elementor-post-type=\"page\">\n\t\t\t\t<div class=\"elementor-element elementor-element-52c6cf54 e-flex e-con-boxed e-con e-parent\" data-id=\"52c6cf54\" data-element_type=\"container\">\n\t\t\t\t\t<div class=\"e-con-inner\">\n\t\t\t\t\t\t\t<h2 class=\"e-heading-base\"  >\n\t\t\t Erlebnistage: Nur wir zwei (und unser Hund)\n\n\t\t<\/h2>\n\t\t\t\t\t\t\t<h3 class=\"e-heading-base\"  >\n\t\t\tGl\u00f6ckeln \u2013 Wir lernen den traditionellen Brauch kennen\n\t\t<\/h3>\n\t\t\t\t\t<\/div>\n\t\t\t\t<\/div>\n\t\t<div class=\"elementor-element elementor-element-1052d434 e-flex e-con-boxed e-con e-parent\" data-id=\"1052d434\" data-element_type=\"container\">\n\t\t\t\t\t<div class=\"e-con-inner\">\n\t\t<div class=\"elementor-element elementor-element-5ef3137b e-con-full e-flex e-con e-child\" data-id=\"5ef3137b\" data-element_type=\"container\">\n\t\t\t\t\t\t\t\n\t\t<img class=\"e-image-base e-bd12538-dc8e382\"  \n\t\t\t\t\t\t\t\t\tid=\"564\"\n\t\t\t\t\t\t\t\t\t\t\t\tsrc=\"https:\/\/ferienhaus-zwutschgerl.at\/wp-content\/uploads\/2025\/12\/Gloeckeln1-2.jpg\"\n\t\t\t\t\t\t\t\t\t\t\t\twidth=\"627\"\n\t\t\t\t\t\t\t\t\t\t\t\theight=\"353\"\n\t\t\t\t\t\t\t\t\t\t\t\tsrcset=\"https:\/\/ferienhaus-zwutschgerl.at\/wp-content\/uploads\/2025\/12\/Gloeckeln1-2.jpg 627w, https:\/\/ferienhaus-zwutschgerl.at\/wp-content\/uploads\/2025\/12\/Gloeckeln1-2-300x169.jpg 300w\"\n\t\t\t\t\t\t\t\t\t\t\t\talt=\"\"\n\t\t\t\t\t\t\/>\n\t\t\t\t\t<\/div>\n\t\t<div class=\"elementor-element elementor-element-636a588e e-con-full e-flex e-con e-child\" data-id=\"636a588e\" data-element_type=\"container\">\n\t\t\t\t<div class=\"elementor-element elementor-element-36c9453c elementor-widget elementor-widget-text-editor\" data-id=\"36c9453c\" data-element_type=\"widget\" data-widget_type=\"text-editor.default\">\n\t\t\t\t\t\t\t\t\t<p><strong>\u00a0 \u00a0Termin:<\/strong><\/p><ul><li>03.01. bis 06.01.2026<\/li><\/ul><p>\u00a0 \u00a0(3 N\u00e4chte, Samstag<\/p><p>\u00a0 \u00a0bis Dienstag)<\/p>\t\t\t\t\t\t\t\t<\/div>\n\t\t\t\t<\/div>\n\t\t<div class=\"elementor-element elementor-element-6372fb18 e-con-full e-flex e-con e-child\" data-id=\"6372fb18\" data-element_type=\"container\">\n\t\t\t\t\t\t\t\n\t\t<img class=\"e-image-base e-65714a83-1351b52\"  \n\t\t\t\t\t\t\t\t\tid=\"566\"\n\t\t\t\t\t\t\t\t\t\t\t\tsrc=\"https:\/\/ferienhaus-zwutschgerl.at\/wp-content\/uploads\/2025\/12\/Gloeckeln2.png\"\n\t\t\t\t\t\t\t\t\t\t\t\twidth=\"1536\"\n\t\t\t\t\t\t\t\t\t\t\t\theight=\"1024\"\n\t\t\t\t\t\t\t\t\t\t\t\tsrcset=\"\"\n\t\t\t\t\t\t\t\t\t\t\t\talt=\"\"\n\t\t\t\t\t\t\/>\n\t\t\t\t\t<\/div>\n\t\t\t\t\t<\/div>\n\t\t\t\t<\/div>\n\t\t<div class=\"elementor-element elementor-element-d6403c0 e-flex e-con-boxed e-con e-parent\" data-id=\"d6403c0\" data-element_type=\"container\">\n\t\t\t\t\t<div class=\"e-con-inner\">\n\t\t\t\t\t<\/div>\n\t\t\t\t<\/div>\n\t\t<div class=\"elementor-element elementor-element-240d3182 e-con-full e-flex e-con e-parent\" data-id=\"240d3182\" data-element_type=\"container\">\n\t\t<div class=\"elementor-element elementor-element-4dafde6e e-con-full e-flex e-con e-child\" data-id=\"4dafde6e\" data-element_type=\"container\">\n\t\t\t\t<div class=\"elementor-element elementor-element-3a0a7134 elementor-widget elementor-widget-text-editor\" data-id=\"3a0a7134\" data-element_type=\"widget\" data-widget_type=\"text-editor.default\">\n\t\t\t\t\t\t\t\t\t<p><strong>Gl\u00f6ckeln \u2013 Was ist das?<\/strong><\/p><p>Gl\u00f6ckler sind Figuren aus den Rauhnachtsbr\u00e4uchen im Salzkammergut. Bei den Figuren handelt es sich um Sch\u00f6nperchten, gute Lichtgeister, welche die winterlichen Rauhnachtsgeister endg\u00fcltig vertreiben sollen. Der Gl\u00f6cklerlauf findet daher in der letzten Rauhnacht, am 5. Januar, der Nacht vor Dreik\u00f6nig, statt. Im Jahr 2010 wurde der Ebenseer Gl\u00f6cklerlauf in das Verzeichnis des Immateriellen Kulturerbes aufgenommen.<\/p>\t\t\t\t\t\t\t\t<\/div>\n\t\t\t\t<\/div>\n\t\t\t\t<\/div>\n\t\t<div class=\"elementor-element elementor-element-e862cbf e-flex e-con-boxed e-con e-parent\" data-id=\"e862cbf\" data-element_type=\"container\">\n\t\t\t\t\t<div class=\"e-con-inner\">\n\t\t\t\t<div class=\"elementor-element elementor-element-cae683d elementor-widget elementor-widget-text-editor\" data-id=\"cae683d\" data-element_type=\"widget\" data-widget_type=\"text-editor.default\">\n\t\t\t\t\t\t\t\t\t<p><strong>Ihre Erlebnistage:<\/strong><\/p><ul><li>Samstag, den 03.01.2026 &#8211; Anreise<\/li><li>Sonntag, den 04.01.2026 \u2013 Ihr Genusstag<\/li><li>Montag, den 05.01.2026 \u2013 Das Gl\u00f6ckeln<\/li><li>Dienstag, den 06.01.2026 \u2013 Feiertag Heilige Drei K\u00f6nige \u2013 Entspannte R\u00fcckreise<\/li><\/ul><p><strong>Die Schmankerl des Hauses<\/strong>:<\/p><ul><li>Zwei Flaschen guter \u00f6sterreichischen Wein mit dem Erinnerungsetikett \u201eZwutschgerl\u201c<\/li><li>Eine feine S\u00fc\u00dfigkeit: Pralinen von der Traditionskonditorei Grellinger, Gmunden<\/li><\/ul><p><strong>Vorschl\u00e4ge f\u00fcr den Genusstag (Sonntag):<\/strong><\/p><ul><li>Besuch von Schloss Ort in Gmunden und Spaziergang durch den Toskanapark<\/li><li>Rundweg auf dem Grasberg (mit Einkehrm\u00f6glichkeit im Gasthof Reschenwirt)<\/li><li>H\u00f6henwanderweg vom Kronberg (Parkplatz auf der H\u00f6he) zum Almgasthof Schwarz, Kasten 32, 4861 Aurach, T. 0043(0)7622-2012, Dauer ca. 1 Stunde<\/li><li>Rundweg Offensee (bei Ebensee) \u2013 wundersch\u00f6ner ebener Weg (ca. 1 Stunde)<\/li><li>Rundweg Langbathseen (bei Ebensee), zwei sehr reizvolle Seen, die einzeln oder im Doppelpack umrundet werden k\u00f6nnen<\/li><li>Ausflugsgasthof Hochsteinalm, 4801 Traunkirchen, T. 0043(0)664-9875221, entspannt zu erwandern \u00fcber die Forststra\u00dfe, Parkplatz am M\u00fchlbachberg (ca. 60 Minuten Gehweg) \u2013 hier ggf. mit dem Schlitten hinunterfahren (Ausleihe oben)<\/li><li>Bummel im idyllischen Ort Traunkirchen<\/li><\/ul><p><strong>Erlebnisangebot f\u00fcr Montag<\/strong><\/p><p>Bitte warm anziehen und rechtzeitig anfahren. Nach Ebensee ggf. den Zug nehmen:<\/p><ul><li>Gl\u00f6cklerlauf in Ebensee am Abend (Start voraussichtlich 18.00 Uhr)<\/li><li>Gl\u00f6cklerlauf in Gmunden am Abend um 18.10 Uhr (Rathausplatz)<\/li><\/ul>\t\t\t\t\t\t\t\t<\/div>\n\t\t\t\t\t<\/div>\n\t\t\t\t<\/div>\n\t\t<div class=\"elementor-element elementor-element-2874bb37 e-flex e-con-boxed e-con e-parent\" data-id=\"2874bb37\" data-element_type=\"container\">\n\t\t\t\t\t<div class=\"e-con-inner\">\n\t\t\t\t<div class=\"elementor-element elementor-element-685bc9d1 elementor-widget elementor-widget-text-editor\" data-id=\"685bc9d1\" data-element_type=\"widget\" data-widget_type=\"text-editor.default\">\n\t\t\t\t\t\t\t\t\t<p><strong>Der Vierbeiner darf immer dabei sein oder auf der komfortablen Hundedecke schlummern.<\/strong><\/p><p><strong>Preis<\/strong> inklusiv aller Verbrauchskosten (W\u00e4sche und Reinigung) und der Schmankerl des Hauses: 570,00 \u20ac<\/p>\t\t\t\t\t\t\t\t<\/div>\n\t\t\t\t\t<\/div>\n\t\t\t\t<\/div>\n\t\t\t\t<\/div>\n\t\t","protected":false},"excerpt":{"rendered":"<p>Erlebnistage: Nur wir zwei (und unser Hund) Gl\u00f6ckeln \u2013 Wir lernen den traditionellen Brauch kennen \u00a0 \u00a0Termin: 03.01. bis 06.01.2026 [&hellip;]<\/p>\n","protected":false},"author":2,"featured_media":0,"parent":0,"menu_order":0,"comment_status":"closed","ping_status":"closed","template":"","meta":{"site-sidebar-layout":"no-sidebar","site-content-layout":"","ast-site-content-layout":"full-width-container","site-content-style":"default","site-sidebar-style":"default","ast-global-header-display":"","ast-banner-title-visibility":"","ast-main-header-display":"","ast-hfb-above-header-display":"","ast-hfb-below-header-display":"","ast-hfb-mobile-header-display":"","site-post-title":"","ast-breadcrumbs-content":"","ast-featured-img":"disabled","footer-sml-layout":"","theme-transparent-header-meta":"","adv-header-id-meta":"","stick-header-meta":"","header-above-stick-meta":"","header-main-stick-meta":"","header-below-stick-meta":"","astra-migrate-meta-layouts":"default","ast-page-background-enabled":"default","ast-page-background-meta":{"desktop":{"background-color":"var(--ast-global-color-5)","background-image":"","background-repeat":"repeat","background-position":"center center","background-size":"auto","background-attachment":"scroll","background-type":"","background-media":"","overlay-type":"","overlay-color":"","overlay-opacity":"","overlay-gradient":""},"tablet":{"background-color":"","background-image":"","background-repeat":"repeat","background-position":"center center","background-size":"auto","background-attachment":"scroll","background-type":"","background-media":"","overlay-type":"","overlay-color":"","overlay-opacity":"","overlay-gradient":""},"mobile":{"background-color":"","background-image":"","background-repeat":"repeat","background-position":"center center","background-size":"auto","background-attachment":"scroll","background-type":"","background-media":"","overlay-type":"","overlay-color":"","overlay-opacity":"","overlay-gradient":""}},"ast-content-background-meta":{"desktop":{"background-color":"var(--ast-global-color-4)","background-image":"","background-repeat":"repeat","background-position":"center center","background-size":"auto","background-attachment":"scroll","background-type":"","background-media":"","overlay-type":"","overlay-color":"","overlay-opacity":"","overlay-gradient":""},"tablet":{"background-color":"var(--ast-global-color-4)","background-image":"","background-repeat":"repeat","background-position":"center center","background-size":"auto","background-attachment":"scroll","background-type":"","background-media":"","overlay-type":"","overlay-color":"","overlay-opacity":"","overlay-gradient":""},"mobile":{"background-color":"var(--ast-global-color-4)","background-image":"","background-repeat":"repeat","background-position":"center center","background-size":"auto","background-attachment":"scroll","background-type":"","background-media":"","overlay-type":"","overlay-color":"","overlay-opacity":"","overlay-gradient":""}},"footnotes":""},"class_list":["post-539","page","type-page","status-publish","hentry"],"_links":{"self":[{"href":"https:\/\/ferienhaus-zwutschgerl.at\/index.php?rest_route=\/wp\/v2\/pages\/539","targetHints":{"allow":["GET"]}}],"collection":[{"href":"https:\/\/ferienhaus-zwutschgerl.at\/index.php?rest_route=\/wp\/v2\/pages"}],"about":[{"href":"https:\/\/ferienhaus-zwutschgerl.at\/index.php?rest_route=\/wp\/v2\/types\/page"}],"author":[{"embeddable":true,"href":"https:\/\/ferienhaus-zwutschgerl.at\/index.php?rest_route=\/wp\/v2\/users\/2"}],"replies":[{"embeddable":true,"href":"https:\/\/ferienhaus-zwutschgerl.at\/index.php?rest_route=%2Fwp%2Fv2%2Fcomments&post=539"}],"version-history":[{"count":37,"href":"https:\/\/ferienhaus-zwutschgerl.at\/index.php?rest_route=\/wp\/v2\/pages\/539\/revisions"}],"predecessor-version":[{"id":786,"href":"https:\/\/ferienhaus-zwutschgerl.at\/index.php?rest_route=\/wp\/v2\/pages\/539\/revisions\/786"}],"wp:attachment":[{"href":"https:\/\/ferienhaus-zwutschgerl.at\/index.php?rest_route=%2Fwp%2Fv2%2Fmedia&parent=539"}],"curies":[{"name":"wp","href":"https:\/\/api.w.org\/{rel}","templated":true}]}}