{"id":644,"date":"2026-01-02T16:26:41","date_gmt":"2026-01-02T15:26:41","guid":{"rendered":"https:\/\/ferienhaus-zwutschgerl.at\/?page_id=644"},"modified":"2026-01-05T07:38:58","modified_gmt":"2026-01-05T06:38:58","slug":"goldener-herbst","status":"publish","type":"page","link":"https:\/\/ferienhaus-zwutschgerl.at\/?page_id=644","title":{"rendered":"Goldener Herbst"},"content":{"rendered":"\t\t<div data-elementor-type=\"wp-page\" data-elementor-id=\"644\" class=\"elementor elementor-644\" data-elementor-post-type=\"page\">\n\t\t\t\t<div class=\"elementor-element elementor-element-63dd75a9 e-flex e-con-boxed e-con e-parent\" data-id=\"63dd75a9\" data-element_type=\"container\">\n\t\t\t\t\t<div class=\"e-con-inner\">\n\t\t\t\t\t\t\t<h2 class=\"e-heading-base\"  >\n\t\t\tErlebnistage: Nur wir zwei (und unser Hund)\n\t\t<\/h2>\n\t\t\t\t\t\t\t<h3 class=\"e-heading-base\"  >\n\t\t\tGoldener Herbst - Wildwochen am Traunsee\n\t\t<\/h3>\n\t\t\t\t\t<\/div>\n\t\t\t\t<\/div>\n\t\t<div class=\"elementor-element elementor-element-7ef40e6f e-flex e-con-boxed e-con e-parent\" data-id=\"7ef40e6f\" data-element_type=\"container\">\n\t\t\t\t\t<div class=\"e-con-inner\">\n\t\t<div class=\"elementor-element elementor-element-567bbbfa e-con-full e-flex e-con e-child\" data-id=\"567bbbfa\" data-element_type=\"container\">\n\t\t\t\t\t\t\t\n\t\t<img class=\"e-image-base e-54283f31-ac51f4c\"  \n\t\t\t\t\t\t\t\t\tid=\"647\"\n\t\t\t\t\t\t\t\t\t\t\t\tsrc=\"https:\/\/ferienhaus-zwutschgerl.at\/wp-content\/uploads\/2026\/01\/september1.jpg\"\n\t\t\t\t\t\t\t\t\t\t\t\twidth=\"1920\"\n\t\t\t\t\t\t\t\t\t\t\t\theight=\"1282\"\n\t\t\t\t\t\t\t\t\t\t\t\tsrcset=\"\"\n\t\t\t\t\t\t\t\t\t\t\t\talt=\"\"\n\t\t\t\t\t\t\/>\n\t\t\t\t\t<\/div>\n\t\t<div class=\"elementor-element elementor-element-9101733 e-con-full e-flex e-con e-child\" data-id=\"9101733\" data-element_type=\"container\">\n\t\t\t\t<div class=\"elementor-element elementor-element-3fe09687 elementor-widget elementor-widget-text-editor\" data-id=\"3fe09687\" data-element_type=\"widget\" data-widget_type=\"text-editor.default\">\n\t\t\t\t\t\t\t\t\t<p style=\"text-align: center;\"><strong>Termine: <\/strong><\/p><ul><li><strong>17.10. \u2013 19.10.26<\/strong><\/li><li><strong>24.10. \u2013 26.10.26 <\/strong><\/li><li><strong>30.10. \u2013 01.11. 26<\/strong><\/li><li><strong>06.11. \u2013 08.11.26<\/strong><\/li><li><strong>13.11. \u2013 15.11.26 <\/strong><\/li><li><strong>20.11. \u2013 22.11.2<\/strong><\/li><\/ul><p style=\"text-align: center;\"><strong>\u00a0<\/strong>Anreisetag ist Freitag und der Abreisetag ist Sonntag.<\/p>\t\t\t\t\t\t\t\t<\/div>\n\t\t\t\t<\/div>\n\t\t<div class=\"elementor-element elementor-element-6a4547ad e-con-full e-flex e-con e-child\" data-id=\"6a4547ad\" data-element_type=\"container\">\n\t\t\t\t\t\t\t\n\t\t<img class=\"e-image-base e-734951de-0f13d4a\"  \n\t\t\t\t\t\t\t\t\tid=\"648\"\n\t\t\t\t\t\t\t\t\t\t\t\tsrc=\"https:\/\/ferienhaus-zwutschgerl.at\/wp-content\/uploads\/2026\/01\/september3.jpg\"\n\t\t\t\t\t\t\t\t\t\t\t\twidth=\"416\"\n\t\t\t\t\t\t\t\t\t\t\t\theight=\"287\"\n\t\t\t\t\t\t\t\t\t\t\t\tsrcset=\"\"\n\t\t\t\t\t\t\t\t\t\t\t\talt=\"\"\n\t\t\t\t\t\t\/>\n\t\t\t\t\t<\/div>\n\t\t\t\t\t<\/div>\n\t\t\t\t<\/div>\n\t\t<div class=\"elementor-element elementor-element-57b8c287 e-con-full e-flex e-con e-parent\" data-id=\"57b8c287\" data-element_type=\"container\">\n\t\t<div class=\"elementor-element elementor-element-7e5bfbd6 e-con-full e-flex e-con e-child\" data-id=\"7e5bfbd6\" data-element_type=\"container\">\n\t\t\t\t\t\t\t\n\t\t<img class=\"e-image-base e-2c6e32c9-d4a535b\"  \n\t\t\t\t\t\t\t\t\tid=\"649\"\n\t\t\t\t\t\t\t\t\t\t\t\tsrc=\"https:\/\/ferienhaus-zwutschgerl.at\/wp-content\/uploads\/2026\/01\/september2.jpg\"\n\t\t\t\t\t\t\t\t\t\t\t\twidth=\"572\"\n\t\t\t\t\t\t\t\t\t\t\t\theight=\"495\"\n\t\t\t\t\t\t\t\t\t\t\t\tsrcset=\"\"\n\t\t\t\t\t\t\t\t\t\t\t\talt=\"\"\n\t\t\t\t\t\t\/>\n\t\t\t\t\t<\/div>\n\t\t<div class=\"elementor-element elementor-element-7623d627 e-con-full e-flex e-con e-child\" data-id=\"7623d627\" data-element_type=\"container\">\n\t\t\t\t<div class=\"elementor-element elementor-element-7e5930b7 elementor-widget elementor-widget-text-editor\" data-id=\"7e5930b7\" data-element_type=\"widget\" data-widget_type=\"text-editor.default\">\n\t\t\t\t\t\t\t\t\t<p><strong>Die Schmankerl des Hauses<\/strong>:<\/p><ul><li>Zwei Flaschen guter \u00f6sterreichischen Wein mit dem Erinnerungsetikett \u201eZwutschgerl\u201c<\/li><li>Eine feine S\u00fc\u00dfigkeit: Pralinen von der Traditionskonditorei Grellinger, Gmunden<\/li><\/ul><p><strong>\u00a0<\/strong><strong>Vorschl\u00e4ge f\u00fcr einen Herbstausflug:<\/strong><\/p><ul><li>H\u00f6henwanderweg vom Kronberg (Parkplatz auf der H\u00f6he) zum Almgasthof Schwarz, Kasten 32, 4861 Aurach, T. 0043(0)7622-2012, Dauer ca. 1 Stunde<\/li><li>Rundweg Offensee (bei Ebensee) \u2013 wundersch\u00f6ner ebener Weg (ca. 1 Stunde)<\/li><li>Langbathseen (bei Ebensee), zwei sehr reizvolle Seen, die einzeln oder im Doppelpack umrundet werden k\u00f6nnen (1-2 Stunden)<\/li><li>Ausflugsgasthof Hochsteinalm, 4801 Traunkirchen, T. 0043(0)664-9875221, entspannt zu erwandern \u00fcber die Forststra\u00dfe, Parkplatz am M\u00fchlbachberg (ca. 60 Minuten Gehweg)<\/li><li>Schloss Ort in Gmunden und Spazierweg durch den Toscana Park<\/li><\/ul><p><strong>Der Sonntag<\/strong> bildet mit einem geruhsamen Tagesbeginn und einer entspannten Heimfahrt den Abschluss.<\/p><p><strong>Erg\u00e4nzender Genuss Tipp im Herbst \u2013 Wild, Pilze und Apfelstrudel stehen auf dem kulinarischen Kalender:<\/strong><\/p><ul><li>Gasthaus Wurzenh\u00fctte, Flachberg 25, 4816 Gschwand (Gmunden), T. 0043(0)7612-74949 &#8211; volkst\u00fcmlich<\/li><li>Restaurant Waldesruh, Kohlwehr1, 4694 Ohlsdorf, T.0043-7613-3143 \u2013 gehobene K\u00fcche<\/li><li>Alle Traunseewirte (siehe Startseite) rund um den See sind bereit Sie kulinarisch zu verw\u00f6hnen<\/li><\/ul><p><strong>Freuen Sie sich auf Ihren Wochenendgenuss im Herbst: Entspannt den bunten Herbst erleben \u00a0und im einladenden Ferienhaus gem\u00fctlich zu verweilen.<\/strong><\/p>\t\t\t\t\t\t\t\t<\/div>\n\t\t\t\t<\/div>\n\t\t\t\t<\/div>\n\t\t<div class=\"elementor-element elementor-element-1b71b3b8 e-flex e-con-boxed e-con e-parent\" data-id=\"1b71b3b8\" data-element_type=\"container\">\n\t\t\t\t\t<div class=\"e-con-inner\">\n\t\t\t\t<div class=\"elementor-element elementor-element-1f3e2fd6 elementor-widget elementor-widget-text-editor\" data-id=\"1f3e2fd6\" data-element_type=\"widget\" data-widget_type=\"text-editor.default\">\n\t\t\t\t\t\t\t\t\t<p><strong>Der Vierbeiner darf immer dabei sein oder auf der komfortablen Hundedecke schlummern.<\/strong><strong>\u00a0<\/strong><\/p><p><strong>Preis<\/strong> inklusiv aller Verbrauchskosten (W\u00e4sche und Reinigung) sowie und der Schmankerl des Hauses: 500,00 \u20ac<\/p>\t\t\t\t\t\t\t\t<\/div>\n\t\t\t\t\t<\/div>\n\t\t\t\t<\/div>\n\t\t\t\t<\/div>\n\t\t","protected":false},"excerpt":{"rendered":"<p>Erlebnistage: Nur wir zwei (und unser Hund) Goldener Herbst &#8211; Wildwochen am Traunsee Termine: 17.10. \u2013 19.10.26 24.10. \u2013 26.10.26 [&hellip;]<\/p>\n","protected":false},"author":2,"featured_media":0,"parent":0,"menu_order":0,"comment_status":"closed","ping_status":"closed","template":"","meta":{"site-sidebar-layout":"no-sidebar","site-content-layout":"","ast-site-content-layout":"full-width-container","site-content-style":"default","site-sidebar-style":"default","ast-global-header-display":"","ast-banner-title-visibility":"","ast-main-header-display":"","ast-hfb-above-header-display":"","ast-hfb-below-header-display":"","ast-hfb-mobile-header-display":"","site-post-title":"","ast-breadcrumbs-content":"","ast-featured-img":"disabled","footer-sml-layout":"","theme-transparent-header-meta":"","adv-header-id-meta":"","stick-header-meta":"","header-above-stick-meta":"","header-main-stick-meta":"","header-below-stick-meta":"","astra-migrate-meta-layouts":"default","ast-page-background-enabled":"default","ast-page-background-meta":{"desktop":{"background-color":"var(--ast-global-color-5)","background-image":"","background-repeat":"repeat","background-position":"center center","background-size":"auto","background-attachment":"scroll","background-type":"","background-media":"","overlay-type":"","overlay-color":"","overlay-opacity":"","overlay-gradient":""},"tablet":{"background-color":"","background-image":"","background-repeat":"repeat","background-position":"center center","background-size":"auto","background-attachment":"scroll","background-type":"","background-media":"","overlay-type":"","overlay-color":"","overlay-opacity":"","overlay-gradient":""},"mobile":{"background-color":"","background-image":"","background-repeat":"repeat","background-position":"center center","background-size":"auto","background-attachment":"scroll","background-type":"","background-media":"","overlay-type":"","overlay-color":"","overlay-opacity":"","overlay-gradient":""}},"ast-content-background-meta":{"desktop":{"background-color":"var(--ast-global-color-4)","background-image":"","background-repeat":"repeat","background-position":"center center","background-size":"auto","background-attachment":"scroll","background-type":"","background-media":"","overlay-type":"","overlay-color":"","overlay-opacity":"","overlay-gradient":""},"tablet":{"background-color":"var(--ast-global-color-4)","background-image":"","background-repeat":"repeat","background-position":"center center","background-size":"auto","background-attachment":"scroll","background-type":"","background-media":"","overlay-type":"","overlay-color":"","overlay-opacity":"","overlay-gradient":""},"mobile":{"background-color":"var(--ast-global-color-4)","background-image":"","background-repeat":"repeat","background-position":"center center","background-size":"auto","background-attachment":"scroll","background-type":"","background-media":"","overlay-type":"","overlay-color":"","overlay-opacity":"","overlay-gradient":""}},"footnotes":""},"class_list":["post-644","page","type-page","status-publish","hentry"],"_links":{"self":[{"href":"https:\/\/ferienhaus-zwutschgerl.at\/index.php?rest_route=\/wp\/v2\/pages\/644","targetHints":{"allow":["GET"]}}],"collection":[{"href":"https:\/\/ferienhaus-zwutschgerl.at\/index.php?rest_route=\/wp\/v2\/pages"}],"about":[{"href":"https:\/\/ferienhaus-zwutschgerl.at\/index.php?rest_route=\/wp\/v2\/types\/page"}],"author":[{"embeddable":true,"href":"https:\/\/ferienhaus-zwutschgerl.at\/index.php?rest_route=\/wp\/v2\/users\/2"}],"replies":[{"embeddable":true,"href":"https:\/\/ferienhaus-zwutschgerl.at\/index.php?rest_route=%2Fwp%2Fv2%2Fcomments&post=644"}],"version-history":[{"count":7,"href":"https:\/\/ferienhaus-zwutschgerl.at\/index.php?rest_route=\/wp\/v2\/pages\/644\/revisions"}],"predecessor-version":[{"id":667,"href":"https:\/\/ferienhaus-zwutschgerl.at\/index.php?rest_route=\/wp\/v2\/pages\/644\/revisions\/667"}],"wp:attachment":[{"href":"https:\/\/ferienhaus-zwutschgerl.at\/index.php?rest_route=%2Fwp%2Fv2%2Fmedia&parent=644"}],"curies":[{"name":"wp","href":"https:\/\/api.w.org\/{rel}","templated":true}]}}